7
Let j(n) = 3*n**2 + 12*n + 26. Let i(l) = 4*l**2 + 18*l + 38. Let g(b) = 5*i(b) - 7*j(b). Suppose u - 3*c = -4, 3*u + c = -0*c + 28. What is g(u)?
-8
Let u(i) = -i**3 - 15*i**2 - 14*i + 13. Let k = -417 - -403. Calculate u(k).
13
Suppose 9 = u - 1. Suppose -5*a - u + 35 = 0, -5*l - 5 = -4*a. Let j(r) be the second derivative of -r**5/20 + 2*r**3/3 + r**2/2 - 9*r - 19. Calculate j(l).
-14
Let s(g) = -3*g + 1. Let b(m) = 8. Let k(w) = 3. Let r(c) = -2*b(c) + 5*k(c). Let a(j) = 3*r(j) + s(j). Give a(-3).
7
Let r(o) = 27*o - 653. Suppose 2*a + 4*f = 72, 5*a + 5*f - 285 = -135. Give r(a).
-5
Let t(j) be the second derivative of -j**4/12 + 8*j**3/3 - 61*j**2/2 + 1710*j. Give t(11).
-6
Suppose 18 = 2*n - 3*c + 21, -3 = -n - 3*c. Suppose -4*s = p - 4, n = -2*s - 4*p - p - 16. Let o(g) = 8*g**2 - g + 1. Give o(s).
31
Suppose 4*t = 3*i + 706, -4*t - 3*i + 718 = -0*t. Suppose 0 = -13*d - t - 17. Let p(a) = a**2 + 15*a - 7. Determine p(d).
-7
Suppose 25*m - 52 = -202. Let h be m/21 + (-132)/(-21). Let b(n) = n - 8. Determine b(h).
-2
Suppose -2*a + 456 = -5*p, -3*a = 2*p - p - 701. Let s = -239 + a. Let i(t) = t + 10. Calculate i(s).
4
Let l(t) be the third derivative of -t**8/20160 + t**7/336 + t**6/90 - t**5/60 - 65*t**4/24 - 113*t**2. Let n(g) be the third derivative of l(g). What is n(16)?
-8
Let b(z) = -219*z - 441. Let y be b(-2). Let s(j) = j**2 - 3*j - 3. Determine s(y).
15
Let c(w) = 7 - 4*w + 324*w**2 - 11*w**3 + 374*w**2 - w - 693*w**2 + 5*w**3. What is c(3)?
-125
Suppose -2*z = 6, 2*z + 220 - 200 = 2*x. Let n(d) = 2*d - 22. What is n(x)?
-8
Let j(g) = 3*g + 102. Let p(z) = 7*z + 105. Let u(s) = 5*j(s) - 4*p(s). Determine u(8).
-14
Let g(i) = -i**3 - 3*i**2 + 41*i - 3. Let a(h) = -136*h - 824. Let o be a(-6). Calculate g(o).
-11
Suppose 167*q + 1884 = -147*q. Let d(k) = 17*k - 6. Determine d(q).
-108
Let s(y) = y + 1. Let r(p) = -p**3 - 5*p**2 + 3*p + 9. Let x(j) = j - 7 - 8 + 10. Let v be x(0). Let h be r(v). Calculate s(h).
-5
Let b(w) = -w**2 + 9*w - 8. Let j = -64 - -69. Suppose 0 = -3*u + 2*d - 76 + j, -2*u - d - 52 = 0. Let l be (45/u)/(3/(-10)). Determine b(l).
10
Let v be 1/(-3*2/18). Let q(t) = -t - 5. Let h be q(v). Let z(u) = 28*u**2 - 26*u**2 + 4*u - u + 0*u. Calculate z(h).
2
Suppose -687 = -12*a + 1629. Suppose -5*p + 47 + a = 0. Suppose 0 = -4*l - 8*l + p. Let n(r) = -r**2 - 2. Determine n(l).
-18
Let m(x) = x - 6. Let t(g) be the first derivative of -g**2 + 12*g + 1. Let v = 4059 - 4064. Let o(s) = v*m(s) - 3*t(s). Give o(-6).
-12
Let s(l) = 10*l**3 - 18*l**2 + 31*l + 118. Let r(w) = 7*w**3 - 12*w**2 + 21*w + 83. Let q(n) = -7*r(n) + 5*s(n). Determine q(5).
24
Let h(c) = -6*c - 20. Let p(m) = -2*m**2 - 10*m - 15. Let k be p(-4). What is h(k)?
22
Let v(o) = -o - 18. Suppose -11*k + 388 = -7*k. Suppose k*q - 306 = 131*q. Give v(q).
-9
Let g be -2*3*(12/9)/(-4). Let m be 6/(-4)*(-4)/6. Let k(y) = -2 + y + m + y**3 + y**g + 3 + 2. What is k(0)?
4
Let p be 0*3/(-3 + 6). Suppose h - 5*r = p, 3*r - 4 = -h + 4*r. Let s(g) = g**2 - 5*g + 5. Determine s(h).
5
Let x(u) = -10*u + 12. Let w(d) = -2*d + 3. Let p(o) = 4*w(o) - x(o). Give p(-4).
-8
Let z(f) = -809 + 1544 - 784 + 6*f. Determine z(3).
-31
Let k(u) be the first derivative of -6*u + 1/2*u**2 + 94. Give k(0).
-6
Let s(v) = -v**3 + 6*v**2 + 2*v - 8. Let j be s(6). Let h(b) be the third derivative of b**4/24 - 4*b**3/3 + 830*b**2. What is h(j)?
-4
Let f(y) = 4 - 4*y**2 - 16*y + 55*y - 22*y + 2*y**2 - 16*y. Calculate f(2).
-2
Let u(y) = 11*y - 6. Let v(c) = c**3 - 2*c**2 - 14*c + 25. Let k be v(4). Give u(k).
5
Let f(v) be the second derivative of -v**4/12 + 11*v**3/6 - 23*v**2/2 - 10*v + 38. Give f(11).
-23
Let b = 60 - 29. Let a = 29 - b. Let d(p) be the first derivative of p**4/4 + 4*p**3/3 - p**2/2 - 2*p - 14. Determine d(a).
8
Let h(x) be the third derivative of -x**7/840 + x**6/240 - 3*x**5/5 + 144*x**2. Let l(k) be the third derivative of h(k). Determine l(-2).
15
Let l(a) = 13*a**2 - 165*a**3 - 79 - 166*a**3 + 672*a**3 - 175*a**3 + 5*a - 165*a**3. Determine l(-12).
5
Let p(x) = -x**3 + 3*x**2 - 2*x + 3. Let z = -57 + 28. Let k = z - -32. Suppose -4*a - 3*g = -a, 3*a = -2*g + k. What is p(a)?
-3
Let d(s) = -s**2 - 4*s - 7. Suppose -15 = -4*j - 5*o - 30, 5*j - 5*o = 15. Give d(j).
-7
Suppose -2030*k + 8 = -2020*k - 42. Let j(x) = -x - 1. Let h(c) = -2*c**2 + 2*c - 12. Let y(z) = -h(z) + 5*j(z). Determine y(k).
22
Let x be 2/7 + (-444)/336*4. Let s(p) = -24*p - 128. Let i be s(x). Let u(m) = -2*m + 5. What is u(i)?
21
Let c be (4 - 63/14)*-82. Let x(b) = b**3 - 42*b**2 + 40*b + 40. Determine x(c).
-1
Let m(p) = p**3 - 22*p**2 - 49*p + 35. Let j be m(24). Suppose -12 = 9*l - j*l. Let o(h) = -h**3 + 7*h**2 - 4*h - 3. Give o(l).
9
Suppose -2*d - 4*i = -14, -2*i - 3 = -4*d + 15. Let b(z) = -5*z + 8. Let h(t) = -12*t + 15. Let q(u) = d*b(u) - 2*h(u). Let n = 13 - 7. Give q(n).
4
Let j be ((-4)/3 + 1)/((-1)/12). Let r(p) = -5*p**2 - p - 77. Let k(g) = -g**2 + g - 14. Let i(z) = 6*k(z) - r(z). Give i(j).
5
Let u(g) be the third derivative of 79*g**6/120 - g**5/60 - g**4/8 + 2*g**3/3 + 9220*g**2. Determine u(1).
79
Let u(z) be the third derivative of -z**7/336 + 9*z**5/20 + 101*z**2. Let f(d) be the third derivative of u(d). What is f(1)?
-15
Let k(u) be the second derivative of u**4/6 + 53*u**3/6 + 15*u**2 - 2*u + 3. Let g be k(-26). Let n(h) = h - 1. What is n(g)?
3
Let q be -1545*3/21 + 30/(-105). Let a = q - -223. Let y(s) = s**3 - 2*s**2 + 2*s - 2. Calculate y(a).
2
Let l = -28246 + 28237. Let b(y) = -y**3 - 13*y**2 - 35*y + 15. What is b(l)?
6
Let y(s) = -8*s + 7. Let p(b) = -8*b + 8. Let t(u) = 4*p(u) - 5*y(u). Let a(v) = -v. Let g(x) = -6*a(x) - t(x). Suppose -2 + 5 = h. Calculate g(h).
-3
Let j = 289 + -284. Let p(z) = 10*z**2 + 2*z + 2 - 4*z**2 + 5*z**2 - j*z. Give p(1).
10
Let d(n) = n**3 + 8*n**2 - 18*n - 17. Suppose 25 = -2*m + 5*f, -3 = 4*m - 2*f + 39. What is d(m)?
-37
Let l(i) = i**2 + 4*i + 8. Let f(k) = -k - 1. Let h be f(-3). Let z(m) = -m**2 - 3*m - 9. Let a(d) = h*z(d) + 3*l(d). Suppose -31*c + 162 = 348. Calculate a(c).
6
Let k be 2/(5/(85/(-2))). Let b = -12 - k. Let t(g) = g**2 - 3*g + 2 + 0 - 2 - 3. Determine t(b).
7
Let l be 14 + 255/(-15) + (-5 - 2). Let m(s) be the third derivative of s**4/24 + 13*s**3/6 + 30*s**2. Determine m(l).
3
Let z(p) = -53*p**3 - 12*p**2 - 12*p. Let m(y) = 59*y**3 + 14*y**2 + 13*y - 1. Let k(s) = -9*m(s) - 10*z(s). What is k(-5)?
-31
Let q(o) = 39*o**2 + 2*o + 2. Let b = -30279 + 30278. Determine q(b).
39
Let z be ((-42)/(-2))/((-3)/(-1)). Let a(y) = 4 - 8*y + 35*y - 11*y - 12*y. Calculate a(z).
32
Let k(g) be the second derivative of -g**4/12 - g**3/2 - g**2/2 + g. Suppose 6 + 1 = n + 2*u, 5*n + 3*u - 21 = 0. Let t be ((-2)/n)/(3/9). Determine k(t).
1
Let q(s) be the third derivative of -1/120*s**6 + 1 - 2/3*s**3 + 1/6*s**4 - 1/15*s**5 - 36*s**2 + 0*s. Determine q(-5).
1
Let a(q) be the first derivative of q**2 - 20*q + 37. Let o(w) = w**2 - 2*w - 24. Let b be o(-5). Calculate a(b).
2
Let m(n) = -2868*n + 4 - n**2 + 9 + 0*n**2 + 5734*n - 2858*n. Calculate m(10).
-7
Suppose 5*u + 12 = 9*u. Let l be (u/(-2))/(60/80). Let x(q) be the third derivative of -q**6/120 - q**5/60 - q**3/3 - q**2. Determine x(l).
2
Let p(c) = -18*c + 191*c**3 - 92*c**3 + 3*c - 101*c**3 + 17*c - 2. Let m(z) = z - 3. Let g be m(5). Give p(g).
-14
Let x(t) = -t**2 - 4*t + 23. Let i(y) = y**2 + 4*y - 20. Let r(f) = 7*i(f) + 6*x(f). Suppose -4*l - 3 + 7 = -2*k, 3*k + 5*l = -28. Give r(k).
10
Let p(a) = -a**2 + 3. Let l(x) = -92*x - 7. Let z be l(-1). Suppose -20 = -z*h + 81*h. Calculate p(h).
-22
Let k(q) = -25*q**2 + 24*q - 7. Let i(h) = -13*h**2 + 13*h - 4. Let t(n) = 9*i(n) - 5*k(n). Calculate t(-1).
10
Let t be 6*(3/(-5) - (-154)/140). Let g(j) = -6 + t - 34*j + 1 + 37*j - 6. Determine g(2).
-2
Let u(z) = 20*z + 18. Let x(h) = -h - 1. Let n(r) = 2*u(r) + 36*x(r). Suppose 0 = -75*t - 87 - 213. Determine n(t).
-16
Let d(r) = -r**2 - r + 2. Let p(z) = 12*z**2 + 12*z - 21. Let g be 6992/322 + 2/7. Let x(s) = g*d(s) + 2*p(s). Calculate x(-2).
6
Let p(n) = -3*n**2 - 16*n - 1. Let v(j) = 2*j**2 + 8*j. Let f(t) = -3*p(t) - 5*v(t). Let u be -14*1*6/(-12). Calculate f(u).
10
Let i = -3921 - -3920. Let m(k) be the first derivative of -1/2*k**2 + 1/3*k**3 - k + 11/4*k*